{"id":2,"date":"2016-12-05T15:45:26","date_gmt":"2016-12-05T14:45:26","guid":{"rendered":"http:\/\/wp-systeme.lip6.fr\/estate\/?page_id=2"},"modified":"2019-11-13T17:53:57","modified_gmt":"2019-11-13T16:53:57","slug":"page-d-exemple","status":"publish","type":"page","link":"https:\/\/wp-systeme.lip6.fr\/estate\/page-d-exemple\/","title":{"rendered":"Partners"},"content":{"rendered":"<p>ESTATE gathers 3 partners:<\/p>\n<ul>\n<li><a href=\"https:\/\/www.lip6.fr\/?LANG=en\">LIP6<\/a>, <a href=\"https:\/\/www.sorbonne-universite.fr\/en\">Sorbonne University<\/a>,<\/li>\n<li><a href=\"http:\/\/www-verimag.imag.fr\/?lang=en\">VERIMAG<\/a>, <a href=\"http:\/\/www.univ-grenoble-alpes.fr\/en\/\">University of Grenoble Alpes<\/a>\/<a href=\"http:\/\/www.grenoble-inp.fr\/welcome\/\">Grenoble INP<\/a><\/li>\n<li><a href=\"http:\/\/www.labri.fr\/?lang=en\">LaBRI<\/a>, <a href=\"https:\/\/www.u-bordeaux.fr\/\">University of Bordeaux<\/a>.<\/li>\n<\/ul>\n<p>Participants are :<\/p>\n<pre><a href=\"https:\/\/www.lip6.fr\/?LANG=en\"><img loading=\"lazy\" decoding=\"async\" class=\"alignnone wp-image-106\" src=\"https:\/\/wp-systeme.lip6.fr\/estate\/wp-content\/uploads\/sites\/6\/2016\/12\/lip6.png\" alt=\"\" width=\"73\" height=\"69\" \/><\/a> (firstname.lastname@lip6.fr)<\/pre>\n<ul>\n<li>Yackolley Amoussou-Guenou (PhD)<\/li>\n<li>L\u00e9lia Blin<\/li>\n<li>S\u00e9bastien Bouchart (PhD)<\/li>\n<li>Marjorie Bournat (PhD)<\/li>\n<li>Gewu Bu (PhD)<\/li>\n<li>Yoann Dieudonn\u00e9 (UPJV, yoann.dieudonne@u-picardie.fr)<\/li>\n<li>Swan Dubois<\/li>\n<li>Ana\u00efs Durand (Post-doc)<\/li>\n<li>Giovanni Farina (PhD)<\/li>\n<li>Laurent Feuilloley (Post-doc)<\/li>\n<li>Franck Petit (<em>Project Coordinator<\/em>)<\/li>\n<li>Maria Potop Butucaru<\/li>\n<li>Mika\u00ebl Rabie (Post-doc)<\/li>\n<li>S\u00e9bastien Tixeuil<\/li>\n<\/ul>\n<pre><a href=\"http:\/\/www-verimag.imag.fr\/?lang=en\"><img loading=\"lazy\" decoding=\"async\" class=\"alignnone wp-image-107\" src=\"https:\/\/wp-systeme.lip6.fr\/estate\/wp-content\/uploads\/sites\/6\/2016\/12\/logo_VERIMAG-300x215.png\" alt=\"\" width=\"97\" height=\"69\" srcset=\"https:\/\/wp-systeme.lip6.fr\/estate\/wp-content\/uploads\/sites\/6\/2016\/12\/logo_VERIMAG-300x215.png 300w, https:\/\/wp-systeme.lip6.fr\/estate\/wp-content\/uploads\/sites\/6\/2016\/12\/logo_VERIMAG.png 424w\" sizes=\"auto, (max-width: 97px) 100vw, 97px\" \/><\/a> (firstname.lastname@univ-grenoble-alpes.fr)<\/pre>\n<ul>\n<li>Karine Altisen<\/li>\n<li>Pierre Corbineau<\/li>\n<li>St\u00e9phane Devismes (<em>Partner Coordinator<\/em>)<\/li>\n<li>Ana\u00efs Durand (PhD, until Aug., 2017)<\/li>\n<li>Vincent Filou (Post-Doc, until June, 2018)<\/li>\n<li>Micha\u00ebl P\u00e9rin<\/li>\n<li>Lionel Rieg (since Sept. 2018)<\/li>\n<\/ul>\n<pre><a href=\"http:\/\/www.labri.fr\/?lang=en\"><img loading=\"lazy\" decoding=\"async\" class=\"alignnone wp-image-108\" src=\"https:\/\/wp-systeme.lip6.fr\/estate\/wp-content\/uploads\/sites\/6\/2016\/12\/logo_labri.jpg\" alt=\"\" width=\"113\" height=\"55\" \/><\/a> (firstname.lastname@labri.fr)<\/pre>\n<ul>\n<li>Arnaud Casteigts (<em>Partner Coordinator<\/em>)<\/li>\n<li>Pierre Cast\u00e9ran<\/li>\n<li>Serge Chaumette<\/li>\n<li>Colette Johnen<\/li>\n<\/ul>\n<p>&nbsp;<\/p>\n<pre>\u00a9 <a href=\"http:\/\/estate.lip6.fr\"><img loading=\"lazy\" decoding=\"async\" class=\"alignnone wp-image-145\" src=\"https:\/\/wp-systeme.lip6.fr\/estate\/wp-content\/uploads\/sites\/6\/2017\/08\/ESTATE-Vert72-1-300x208.jpg\" alt=\"\" width=\"50\" height=\"35\" srcset=\"https:\/\/wp-systeme.lip6.fr\/estate\/wp-content\/uploads\/sites\/6\/2017\/08\/ESTATE-Vert72-1-300x208.jpg 300w, https:\/\/wp-systeme.lip6.fr\/estate\/wp-content\/uploads\/sites\/6\/2017\/08\/ESTATE-Vert72-1.jpg 595w\" sizes=\"auto, (max-width: 50px) 100vw, 50px\" \/>\u00a0\u00a0<\/a><\/pre>\n","protected":false},"excerpt":{"rendered":"<p>ESTATE gathers 3 partners: LIP6, Sorbonne University, VERIMAG, University of Grenoble Alpes\/Grenoble INP LaBRI, University of Bordeaux. Participants are : (firstname.lastname@lip6.fr) Yackolley Amoussou-Guenou (PhD) L\u00e9lia Blin S\u00e9bastien Bouchart (PhD) Marjorie Bournat (PhD) Gewu Bu (PhD) Yoann Dieudonn\u00e9 (UPJV, yoann.dieudonne@u-picardie.fr) Swan Dubois Ana\u00efs Durand (Post-doc) Giovanni Farina (PhD) Laurent Feuilloley (Post-doc) Franck Petit (Project Coordinator) Maria &hellip; <a href=\"https:\/\/wp-systeme.lip6.fr\/estate\/page-d-exemple\/\" class=\"more-link\">Continuer la lecture de <span class=\"screen-reader-text\">Partners<\/span> <span class=\"meta-nav\">&rarr;<\/span><\/a><\/p>\n","protected":false},"author":37,"featured_media":0,"parent":0,"menu_order":0,"comment_status":"closed","ping_status":"open","template":"","meta":{"footnotes":""},"class_list":["post-2","page","type-page","status-publish","hentry"],"_links":{"self":[{"href":"https:\/\/wp-systeme.lip6.fr\/estate\/wp-json\/wp\/v2\/pages\/2","targetHints":{"allow":["GET"]}}],"collection":[{"href":"https:\/\/wp-systeme.lip6.fr\/estate\/wp-json\/wp\/v2\/pages"}],"about":[{"href":"https:\/\/wp-systeme.lip6.fr\/estate\/wp-json\/wp\/v2\/types\/page"}],"author":[{"embeddable":true,"href":"https:\/\/wp-systeme.lip6.fr\/estate\/wp-json\/wp\/v2\/users\/37"}],"replies":[{"embeddable":true,"href":"https:\/\/wp-systeme.lip6.fr\/estate\/wp-json\/wp\/v2\/comments?post=2"}],"version-history":[{"count":16,"href":"https:\/\/wp-systeme.lip6.fr\/estate\/wp-json\/wp\/v2\/pages\/2\/revisions"}],"predecessor-version":[{"id":468,"href":"https:\/\/wp-systeme.lip6.fr\/estate\/wp-json\/wp\/v2\/pages\/2\/revisions\/468"}],"wp:attachment":[{"href":"https:\/\/wp-systeme.lip6.fr\/estate\/wp-json\/wp\/v2\/media?parent=2"}],"curies":[{"name":"wp","href":"https:\/\/api.w.org\/{rel}","templated":true}]}}